x(h). Determine f(-8).
13
Let r = -669 + 671. Let w(i) = 9*i + 8 - 29*i + 12*i + 10*i - r. What is w(-6)?
-6
Let c(i) = -82*i - 167. Suppose 0 = -0*r + 2*r - 4, -25*r + 60 = -5*d. Calculate c(d).
-3
Let z(o) be the second derivative of -11*o**3 - 68*o**2 - 12*o + 7. Calculate z(-2).
-4
Let q(g) = -168*g**2 - 17 + 473*g**2 - 152*g**2 - 152*g**2 - 15*g. What is q(16)?
-1
Let q(z) = 20*z**3 + z**2. Let c(m) be the third derivative of m**5/60 - 3*m**4/8 + 7*m**3/6 + m**2 + 19. Let y be c(8). Determine q(y).
-19
Let y(h) = -4*h - 1. Let z be y(-1). Let o(n) be the third derivative of n**6/120 - n**5/20 + n**3/2 - 10738*n**2. Calculate o(z).
3
Let k(r) = -4*r + 1955 + 1973 - 6035 + 2003. Determine k(-26).
0
Let h(s) be the first derivative of 21*s**4/4 - 2*s**3/3 - s**2/2 - 1678. What is h(-1)?
-22
Let v = 112712 + -112703. Let g(b) = -b + 17. Let n(w) = 1. Let c(h) = g(h) - 6*n(h). Determine c(v).
2
Let c(l) be the second derivative of l**4/3 - l**3/6 - 9*l**2/2 - 4*l + 20. Give c(-2).
9
Suppose 292 = 16*i - 364. Let v(g) = -42*g - 2 + 122*g - 40*g - i*g. Let b(s) = s**2 + 2*s - 1. Let y be b(-3). Calculate v(y).
-4
Let s be 3 - ((4 - -1) + -7). Let m(q) = q + 10. Determine m(s).
15
Let i(x) = -29*x**2 - 9*x - 7. Let a(p) be the first derivative of 15*p**3 + 7*p**2 + 11*p - 99. Let l(f) = 5*a(f) + 8*i(f). What is l(-2)?
-25
Let y be 24/(-2 + -2)*7/(-6). Let g(q) = 6*q - 2. Calculate g(y).
40
Let a be 5/25 - ((-1)/2 - (-308)/440). Let v(i) = 24*i + 6. What is v(a)?
6
Let n be (-2 + 4)*5 - 7. Suppose -4*g = -9*g + 5*k, -n*g = 3*k. Let y(x) = -x**2 - 2*x + 17. Calculate y(g).
17
Suppose 2*z + 1 = 25. Let p(s) = -15*s**3 - 3*s**2 - 13*s - 81. Let k(d) = -2*d**3 + d**2 - 8. Let r(o) = -8*k(o) + p(o). Calculate r(z).
-29
Let o(s) be the third derivative of s**5/30 - 5*s**4/24 - 10*s**3 + 2*s**2 + 18. Let q be o(7). Let j(d) = d**2 - 2*d - 4. Calculate j(q).
-1
Suppose 3*z = 4*x - 74, -4*x + 3*z + 62 = 6*z. Let v(q) = -x - 11*q + 47 + 14*q. What is v(-10)?
0
Let t(y) be the second derivative of 5*y**4/4 + y**2/2 + 4*y. Let n(g) = g**2 + 14*g + 34. Let m be n(-11). Let u be ((-16)/32)/((m/(-2))/1). Give t(u).
16
Let q(d) = -16490 + 2*d - 16473 + 32906. What is q(22)?
-13
Let p(g) = -14*g + 10606 - 20899 + 10574. Give p(20).
1
Let t be (86/(-129))/((-5)/(-30)). Let b(d) = -d**3 - 2*d**2 + 12*d + 3. Determine b(t).
-13
Suppose 75*o + 92 = 161 - 744. Let r(n) = n**2 + 14*n - 4. Calculate r(o).
-49
Let h(r) = -971615*r + 0*r**2 + 6 + 971623*r + r**2. Give h(-4).
-10
Let y(o) = -o**3 - 8*o**2 - 12*o - 1. Let z = 2076 - 2082. Give y(z).
-1
Let n = 4 - 6. Let h(p) be the second derivative of -p**4/6 - p**3/6 + 23*p**2 + 8*p. Let r(k) be the first derivative of h(k). What is r(n)?
7
Let h(i) = 4*i + 1. Let c(o) = o**2 - 14*o - 2. Let m(t) = -t**2 + 14*t + 3. Let a(u) = 6*c(u) + 7*m(u). Let f(p) = a(p) - 4*h(p). What is f(6)?
-43
Let o(v) = -v**2 + 13*v + 11. Let k(g) = -2*g + 4. Let l(s) = -3*k(s) - o(s). Give l(9).
-5
Let r(x) = 19*x**3 - 13*x**2 + 92*x - 13 + 119*x - 20*x**3 - 187*x. Give r(-15).
77
Let u(t) = 5 + 24*t**2 + 36*t**2 + 6*t - 81*t**2 + 31*t**2 + 2*t**3 - t**3. Let h = -85 - -76. Give u(h).
32
Let i(c) = c**3 + 9*c**2 + 11*c + 12. Suppose -59 - 32 = -13*u. Let v(l) = -l**3 + 9*l**2 - 17*l + 13. Let q be v(u). Give i(q).
-12
Let p(t) = 5*t**2 - 19*t - 21. Let d be p(-1). Let h(k) = 3 + 4*k**2 - 1251*k + 6 + 1256*k - 4*k**3 + d*k**3. What is h(5)?
9
Let f(h) = -h**2 + 50*h - 369. Suppose -290 = 21*d + 6*d - 1397. Calculate f(d).
0
Let b(j) = -73795*j**2 - 3*j - 2 + 36904*j**2 + 36893*j**2 + j**3. Let a be (3/((-3)/4))/1. Determine b(a).
-22
Let x(v) = -5*v**3 + 5*v + 5. Let f(q) = -q**3 + q + 1. Let g(p) = 4*f(p) - x(p). Let z be 3*(-10)/(-75) + (-115)/(-25). Suppose -z*m + 474 = 479. Give g(m).
-1
Suppose 73*o + 459 = 100*o. Suppose 4*j - g + 0*g = -51, -4*g + 22 = -2*j. Let b = j + o. Let c(m) = m**3 - 3*m**2 + 5. What is c(b)?
21
Let q(c) = c**3 - 1. Suppose 0 = -4*j - 8, 5*j = 3*z + 6 - 82. Let w = z - -14. Suppose -40*k + w*k - 8 = 0. Calculate q(k).
-9
Let o(u) be the third derivative of -u**5/30 + u**4/6 + 5*u**3/6 + 15*u**2. Suppose -4 = -7*j + 6*j. Determine o(j).
-11
Let n(i) = -i**2 + 21*i + 4. Let v be n(18). Let j = 76 - v. Suppose -j = z + z - 3*u, -4*z + 5*u - 32 = 0. Let k(o) = 4*o + 3. What is k(z)?
-9
Let k(o) be the first derivative of 10*o**3/3 - 3*o**2 + 16*o - 2562. Give k(2).
44
Let n(q) = q + 4 - q + 9*q. Let r = 70131 + -70136. Give n(r).
-41
Let l = 7192 - 7204. Let w(v) = -v**2 - 13*v - 21. Calculate w(l).
-9
Suppose 0 = -3*u + 2*u + 5. Let q(v) = -4 - 3*v + u - 2*v + 54*v**2 - 55*v**2. Let y(n) = -3*n**2 - 16*n + 2. Let g(m) = -7*q(m) + 2*y(m). Determine g(-3).
-3
Let u(c) = c**2 + 20*c + 25. Let k(s) = -2*s**2 - 42*s - 52. Let q(t) = 4*k(t) + 9*u(t). What is q(-7)?
-18
Let y(b) = 30*b**2 - b - 9. Let q(w) = 159*w - 2862. Let k be q(18). What is y(k)?
-9
Let j(x) = -32*x - 171. Let t(b) = -15*b - 88. Let w(l) = 2*j(l) - 5*t(l). Give w(-10).
-12
Suppose 31*n = 35*n + 4*k - 184, -2*n + 86 = -k. Let f = -44 + n. Let p(s) be the first derivative of -s**4/4 - s**2/2 + 2*s - 1. Determine p(f).
2
Let m(b) = b**2 - 6*b - 5. Let c(l) = -5*l**2 + 2*l - 1. Let y(g) = c(g) + 4*m(g). Calculate y(-17).
64
Let x(f) = -8*f - 66. Let q(z) = -4*z - 33. Let m(g) = -5*q(g) + 3*x(g). Let l be m(7). Let t = l + 62. Let d(o) = 4*o. What is d(t)?
4
Let o(h) = -79 - 69 - 101 + 34*h - 96 + 302. Give o(2).
25
Suppose -3287*u = -3298*u + 99. Suppose -r = 5*t - 27, -2*r = -3*t + 2*t - 10. Suppose -10*l + r*l = -u. Let q(s) = s**3 - 4*s**2 + 3*s - 2. Determine q(l).
-2
Let u(y) be the second derivative of -y**5/20 + 19*y**4/12 - 13*y**3/2 + 91*y**2/2 + 334*y + 6. Calculate u(17).
6
Let w(r) be the first derivative of 3*r**2 + 0*r + 53 + 65 - 2*r - 24. Let y = -4 - -6. What is w(y)?
10
Let o(q) = 69*q + 82. Let p be o(-1). Let z be p - 1/(-2)*(11 + -25). Let r(k) be the first derivative of -k**3/3 + 2*k**2 + k + 1. Give r(z).
-11
Let w(j) = -161*j - 165*j + 5 - 168*j - 5 + 493*j. Let b = -14 - -8. What is w(b)?
6
Let s(l) = -l**2 + 6*l + 3240. Let f be s(-54). Let c(p) = -p + 7 - 3 + 6. Determine c(f).
10
Let i(h) be the second derivative of -h**4/12 - 10*h**3/3 - 13*h**2 + 25*h + 45. Give i(-8).
70
Let l(w) = -243*w + 13. Let i(h) = 33*h - 2. Let q(s) = -15*i(s) - 2*l(s). Calculate q(3).
-23
Let y be 1 + 56 + (-4 - 2). Let i(s) = -98 + 44 + 4*s + y. What is i(6)?
21
Let c(q) = 407 + 405 + 401 + 402 - 1610 - q. Suppose -3*m + 10 = 2*m. Suppose 4*k = 3*n - 22, 3*k + m*k + 4*n = -12. Calculate c(k).
9
Let j(x) = -7*x**2 + 2*x**2 + x**2 + 6. Let s(h) = -h - 12 - 3*h**2 + 3*h**2 + 7*h**2 + 0*h**2. Let q(k) = -5*j(k) - 3*s(k). Determine q(5).
-4
Let m(r) be the third derivative of r**5/20 + 7*r**4/12 + 2*r**3 - 8*r**2. Let u(b) = -7*b**2 - 30*b - 26. Let x(g) = 5*m(g) + 2*u(g). What is x(-7)?
-13
Let b be 3 - (8 - (-1 + -3 + 8)). Let w(u) = -u + 2. Calculate w(b).
3
Suppose -307*i = -313*i + 7524. Let c(y) = -2 + i*y**3 - 5*y**2 - 629*y**3 - 624*y**3 - 3 + y. Determine c(5).
0
Let o(u) = u + 3. Suppose 6 = -3*g + 3*r + 78, 3*r = g - 22. Suppose -3*c - g = -8*c. Suppose -13*w + 12*w + c = 0. Calculate o(w).
8
Let l be 1 + 0 + 3 + -7 + 0. Let s be l/2*(-560)/168. Let x(v) = -3*v - 7. Let j(p) = p + 4. Let d(t) = -5*j(t) - 2*x(t). What is d(s)?
-1
Let m(v) = v**2 + 9*v + 4. Let l(j) = -j + 22. Let y be l(-27). Let b be 1*38 + 5 + -3. Let g = b - y. Give m(g).
4
Let n(p) = -22*p - 205. Suppose 19*w = -13*w - 256. Give n(w).
-29
Let s(y) = y + 27. Let b(c) = -c**2 - 13*c + 17. Let d be b(2). Give s(d).
14
Let h(d) = 3*d**2 - 48*d - 6. Let q(y) = y**2 - 16*y - 6. Let l(a) = -4*h(a) + 11*q(a). Give l(12).
6
Let j(d) = 9*d**3 + d**2. Let q(n) = -31*n**2 - 5*n - 5. Let z be q(-1). Let k be (-2)/(-10) - (-453)/(-15). Let c = z - k. Calculate j(c).
-8
Let v(z) = -z**3 + 9*z**2 - 9*z - 9. Let h(w) = -3*w + 118*w**2 - 15 + 13 - 120*w**2 + 3*w + w**3. Let o be h(3). What is v(o)?
26
Let q(g) = -g**3 - 28*g**2 + 15. Let b = -3305 - -3277. What is q(b)?
15
Let h(s) = -8 - 1080664*s + 5*s**2 - 6*s**2 + 1080665*s. Suppose 3*g = v - 1, -2 = 4*g + g - 2*v. What is h(g)?
-8
Suppose 0 = j + 22 - 14. Let m(u) = -5*u - 22. Let i be m(j). Let n(y) = -y**2 + 16*y + 42. What is n(